3, 331
Suppose -z = 5*i - 5234, 8*i - 5240 = 3*i + 5*z. List the prime factors of i.
3, 349
Suppose 557 + 713 = 5*x + 3*t, 4*x - 4*t - 984 = 0. List the prime factors of x.
251
Let n be ((-12)/(-8))/(-1)*-2. Suppose 4*u = -n*x + 308, x = -5*u + 588 - 192. List the prime factors of u.
2, 5
Suppose 0*f + 22 = 2*f. Let s(r) = r**3 - 13 - 6*r**3 + 11*r**2 + 2*r + 4*r**3. What are the prime factors of s(f)?
3
Suppose 5*p - 3*r - 96 = 0, 2*r + 78 = p + 3*p. List the prime factors of ((-48)/(-28))/(-4) + 2655/p.
2, 3, 7
Suppose 7*v + 0 = 161. What are the prime factors of v - (0 + -4 - -6)?
3, 7
Let p = -179 + 370. What are the prime factors of p?
191
Let n(q) = 59*q - 159. What are the prime factors of n(4)?
7, 11
Suppose -53*s - 6024 = -56*s. List the prime factors of s.
2, 251
Let r be ((-9)/6)/((-6)/8). Suppose d - r = 3. Suppose -4*l - 8 = 0, -126 - 161 = -d*w - 4*l. List the prime factors of w.
59
Suppose -2*a + 3*c + 843 = 0, -2*a - c + 855 = -0*c. List the prime factors of a.
2, 3, 71
Suppose 3*u - 564 = -u. Let g = u - 57. Suppose -2*q - 4*z = -g, -3*q - 140 = -8*q + 4*z. List the prime factors of q.
2
Let l be 363/15 + (-2)/10. Suppose r + 0*r - 3 = 0. Let x = l - r. What are the prime factors of x?
3, 7
Let t(q) = 49*q**2 - 30*q**2 + 13*q - 3*q**3 + q**3 - 4. What are the prime factors of t(9)?
2, 97
Suppose -3*q + 3*l = -327 + 78, -5*q + l = -415. Let o be (-3)/6 - 115/(-2). Let u = q - o. List the prime factors of u.
2, 13
Let p(s) = s**3 - 18*s**2 + 54*s + 5. List the prime factors of p(23).
2, 7, 139
Let q(i) = -i**3 + 6*i**2 + 4*i + 2. Suppose -3*p + 30 = -3*z, 2*z = -z - 4*p - 30. Let r be (18/z)/(3/(-10)). List the prime factors of q(r).
2, 13
Let g(s) = 16*s**2 - 17*s - 40. List the prime factors of g(-8).
2, 5, 7
Let b(h) = h - 6. Suppose -6 - 2 = -g. Let y be b(g). Suppose -y*u + 52 = 2*u. List the prime factors of u.
13
Let p(n) = -2*n**3 + 7*n**2 - 5*n + 1. Let x be p(5). Let u = x - -164. List the prime factors of u.
5, 13
Let z(j) = -14*j + 105. List the prime factors of z(-7).
7, 29
Suppose -33 - 16 = b. Let v = b + 58. What are the prime factors of v?
3
Let f(g) be the first derivative of -g**2 + 13*g + 1. Let v be f(6). Let j = v + 9. List the prime factors of j.
2, 5
Suppose 2*u + 735 = 4*l - u, -543 = -3*l + 5*u. What are the prime factors of l?
2, 3, 31
Suppose -r - r = -4. Suppose 5*l - z + 0*z = 61, r*l - 2*z = 18. List the prime factors of l.
13
Let x = 82 - -285. List the prime factors of x.
367
Let f = 987 + -384. List the prime factors of f.
3, 67
Let j(x) = -x**3 + 8*x**2 - 5*x - 7. Let l be j(7). Let a(f) = f**2 - 9*f + 6. Let s be a(l). Let k = 10 + s. What are the prime factors of k?
2
Let x = -37 + 47. Suppose 2*s + 2*a + 14 = -16, x = -2*s + 2*a. Let y(g) = -g**3 - 8*g**2 + 15*g + 12. List the prime factors of y(s).
2, 31
List the prime factors of (9329/(-38))/((15/(-3))/10).
491
Let c be 6/(-8) - 19368/32. Let x = -411 - c. What are the prime factors of x?
3, 5, 13
Suppose 45 = 14*d - 9*d. Let x = d + -6. Suppose 21 = y - x. List the prime factors of y.
2, 3
Suppose -943 = 3*f + 2*o, 24 = 3*f - 4*o + 991. Let b = f + 520. List the prime factors of b.
7, 29
List the prime factors of 4/(1/(-813)*-6).
2, 271
Let j = -994 - -1528. List the prime factors of j.
2, 3, 89
Let g(y) = y + 2. Let i be g(-3). Let j be (6/(-18))/(i/75). What are the prime factors of ((-96)/15)/((-5)/j)?
2
List the prime factors of (2 - 1)/((345/(-3420))/(-23)).
2, 3, 19
Suppose 0 = -7*c - 3*c + 4800. List the prime factors of c.
2, 3, 5
Let b = 34 + -30. Suppose z = b*v, 2*z = z + 2*v + 8. Let f = 34 + z. What are the prime factors of f?
2, 5
Let k be (1 + -3)*20/(-8). Suppose a + k = 89. Suppose 41*x - 39*x = a. What are the prime factors of x?
2, 3, 7
Suppose -161 = -f + 3*n, -4*n + 509 = 11*f - 8*f. List the prime factors of f.
167
Let f be 10/(-15)*(-2 + -1). Let c = f + 1. Suppose 3*k + c*k - 180 = 0. List the prime factors of k.
2, 3, 5
Suppose -3*o + 3*z - 138 = -942, 4*o + 3*z = 1100. Let g = 404 - o. What are the prime factors of g?
2, 3, 11
Let n be 5 - ((7 - 5) + 4). Let b(k) = 128*k**2 - k. What are the prime factors of b(n)?
3, 43
Suppose 137*i = 145*i - 9896. List the prime factors of i.
1237
Suppose 16 = 2*x - 4*g, 4*x - 11 + 3 = 2*g. Let a = x - -47. List the prime factors of a.
47
Suppose 0 = 2*o - 2*i - 16, 0 = -2*o + 5*i + 20 + 11. Suppose o*l = l + 190. What are the prime factors of l?
5, 19
Suppose 13*y - 10*y - m - 1988 = 0, y + 5*m = 636. List the prime factors of y.
661
Let p = 140 + 409. What are the prime factors of p?
3, 61
Let y be (2 - 148/(-16))/(6/(-32)). Let j = 156 + y. List the prime factors of j.
2, 3
Let i(x) = x**3 - 4*x**2 + 2*x + 4. Let k be i(-4). Let w = k + 190. Suppose -3*s + 0*q + 5*q + w = 0, 4*s - 24 = -4*q. List the prime factors of s.
11
Let h(p) = 68*p**2 - 9*p + 15. List the prime factors of h(3).
2, 3, 5
Suppose 5*b + 5*l = -332 - 123, l = 4*b + 344. Let v(g) = 2*g**2 + 6*g + 68. Let d be v(-8). Let n = d + b. List the prime factors of n.
61
Suppose 6*b - 28 = 4*b. Suppose q = b + 62. What are the prime factors of q?
2, 19
Suppose 5*o = 4*s - 5, -4*s - 3 = 5*o + 2. Suppose s = -2*r + 45 + 93. Suppose 0 = -11*k + 14*k - r. List the prime factors of k.
23
Let m = 24 + -24. Suppose m*g = -3*g - 6. List the prime factors of (1 + -4)/(3/g).
2
Let x be 6 + 1 + (-3 - -1). Let y(c) = c + 28. Let i be y(0). Let r = x + i. What are the prime factors of r?
3, 11
Let d be 4 + (-1 + 35)*1. Suppose 0 = f - d - 49. What are the prime factors of f?
3, 29
Let t be ((-154)/(-33))/(4/(-6)). Let b be (t - 4)/1 - 1. List the prime factors of 6/b - 26/(-4).
2, 3
Suppose 3*v = -0*b + 5*b - 25, 5*v + 49 = b. Let y(j) = -j**3 - 8*j**2 - 6*j - 23. What are the prime factors of y(v)?
3, 79
Suppose 31*n = 22449 + 10876. What are the prime factors of n?
5, 43
Let p(x) = 13*x**2 + 4*x - 2. List the prime factors of p(-6).
2, 13, 17
Let q(w) = -447*w**3 - 7*w**2 - 11*w - 1. What are the prime factors of q(-2)?
43, 83
Let g(d) = -374*d - 1. What are the prime factors of g(-2)?
3, 83
What are the prime factors of (193 + (2 - 6))/((-7)/(-63))?
3, 7
Let m(p) = -7*p**3 - 6*p**2 - 10*p - 9. Let h(q) = 13*q**3 + 12*q**2 + 21*q + 18. Let z(v) = -6*h(v) - 11*m(v). List the prime factors of z(-6).
3, 29
Suppose 2*z = -0*z + 4. Let a(q) = 3*q**2 + 2*q - 58. Let i be a(-7). Suppose 0 = n + z*n - i. List the prime factors of n.
5
Let y = 3368 + -1845. What are the prime factors of y?
1523
Let g(w) = -54*w**3 + 2*w**2 + w. Let h(q) = -q**2 + 5*q - 5. Let p be h(4). List the prime factors of g(p).
5, 11
Suppose 0*n = 4*n - 12. Let g(h) be the third derivative of 7*h**4/12 - h**3/6 - 208*h**2. List the prime factors of g(n).
41
Let i(z) = z**2 - 6*z - 2. Let l be i(8). Suppose -x + l = -39. What are the prime factors of x?
53
Suppose -12 = -h + 2*k + 43, -2*h - 3*k + 110 = 0. Let u(f) = 3*f**2 + 4*f - 6. Let w be u(5). Let y = w - h. List the prime factors of y.
2, 17
Suppose -4 = -d - d. What are the prime factors of 2*(-85)/10*(-6)/d?
3, 17
Let t(o) = 2*o - o**2 - 4*o**2 - 2 + 4*o**2 + 44*o**2. Let j(l) = -l**2 + 13*l + 15. Let x be j(14). List the prime factors of t(x).
43
Let h be (1/2)/(3/18). Let f(g) = -g**2 + 7*g + 8. Let r be f(8). Suppose h*k = a, -4*a + 65 = -r*k + k. List the prime factors of a.
3, 5
Suppose 9*z = 8*z + n + 144, -5*z - 5*n = -700. What are the prime factors of z?
2, 71
Suppose 0*k + 5*k + 6 = 4*i, 5*i - 2*k - 16 = 0. Suppose -4*h + 216 + 12 = -4*b, i*h + b = 238. What are the prime factors of h?
59
List the prime factors of (-4030)/(-8) - 6/8.
503
Let v = -3 - -4. Let o(f) = 18*f**3 + 2*f**2 - 3*f + 2. Let p be o(v). Let d = -16 + p. What are the prime factors of d?
3
Let r = -145 - -319. What are the prime factors of r?
2, 3, 29
Suppose 4*q - 49 = -17. Suppose -q*d + 2 = -7*d. Suppose 4*m + d*l = 116, -4*m + 143 = m + 2*l. What are the prime factors of m?
3
Suppose 4*l = 5*f + 8197, -5*f + 7193 = 5*l - 3087. What are the prime factors of l?
2053
Let q(d) = -d**2 - 3*d - 44. Let r be q(-10). Let v = 24 - r. What are the prime factors of v?
2, 3, 23
Suppose -4*m = -2*w + 314, 3*m + 311 = w + w. Let q = 235 - w. What are the prime factors of q?
2, 3, 7
Let w(b) = 1015*b**3 - 4*b**2 - b + 2. What are t